-4*s + y. Calculate the greatest common divisor of 14 and s.
14
Suppose -28*z + 42 = -10150. Let o = -164 + z. Calculate the greatest common factor of o and 25.
25
Suppose -3*f + 4*m + 7 = 0, -6*f + 5*m = -2*f - 8. Let h be (20/24)/(f - (-95)/30). Calculate the highest common divisor of h and 35.
5
Let f(u) = -u - 30. Let c be f(-22). Let k = -32 + c. Let z = k + 55. Calculate the greatest common divisor of 6 and z.
3
Let s(i) = i - 79. Let y be s(19). Let p be y/(-14)*(-21)/(-6). What is the highest common divisor of p and 15?
15
Suppose 0 = -2*f + 5*z + 1419, f - 516 = 3*z + 196. Calculate the greatest common divisor of 328 and f.
41
Let u be (72/(-30))/((-18)/60). Suppose 20*t = u*t + 2376. What is the greatest common factor of 44 and t?
22
Suppose -13 = -w + 3*i, -3*w + 45 = 2*i + 28. Calculate the greatest common divisor of 78 and w.
1
Suppose -4*d + 4*y = 2*y - 11810, 4*d + 5*y - 11789 = 0. Suppose -10*c = -d - 1319. What is the highest common factor of 7 and c?
7
Let g = -331 + 328. Let h be (-109)/g + (-4)/(-48)*-4. Calculate the greatest common factor of h and 108.
36
Suppose -17633*z + 341 = -17632*z. What is the highest common divisor of 217 and z?
31
Let v = -1616 + 6818. What is the highest common factor of 6 and v?
6
Suppose 0 = 51*p - 49*p - 510. Suppose 6*t - 1575 = -p. Calculate the greatest common factor of t and 11.
11
Suppose v - 40 = 5. Let l be (1 - 0)*80/(-8) - 0. Let i be (-92)/(-5) - l/(-25). Calculate the greatest common factor of v and i.
9
Let d(t) = -12*t. Let h be d(-2). What is the highest common divisor of h and 1136?
8
Suppose 102*x = 1686 - 972. Let t(n) = -n + 21. Let c be t(0). What is the highest common divisor of c and x?
7
Let r(p) = p**2 - 12*p + 11. Let u be r(13). Let v(a) = -a**2 + 23*a + 33. Let k be v(u). What is the highest common factor of 36 and k?
9
Let j be (((-6)/(-2))/15)/((-24)/(-5640)). Suppose -4*i - 528 = -2*l, -51*l + j*l - 2*i + 1086 = 0. Calculate the highest common factor of l and 360.
90
Suppose -3*v + 509 = 29. Let q = -112 + v. Calculate the greatest common factor of 768 and q.
48
Let n be (1*175/(-10))/((-10)/20). Calculate the greatest common divisor of n and 91.
7
Let a = -522 + 249. Let g = 343 - a. Let l = g - 436. Calculate the greatest common divisor of 45 and l.
45
Suppose 1607 = 10*r - 2713. Calculate the highest common divisor of r and 96.
48
Let q(x) = -194*x**3 + 92*x**2 + 191*x + 2. Let u be q(-2). What is the greatest common factor of 60 and u?
20
Suppose o + 7*o = -5*o + 2015. What is the greatest common factor of 7595 and o?
155
Suppose 2283 = -23*b + 20292. What is the highest common divisor of 464 and b?
29
Suppose -5824 = 203*b - 235*b. What is the greatest common divisor of b and 1232?
14
Suppose 5*j + 21*g - 2581 = 0, -4*g - 1418 + 398 = -2*j. What is the highest common divisor of j and 2656?
32
Suppose -3*g - 32 = -h, 9*h - 5*g + 72 = 10*h. Suppose 81*c = 84*c - 3102. Calculate the greatest common factor of h and c.
47
Let p(o) = o**3 + 5*o**2 + 4*o + 4. Let v be p(-4). Let i be 87/18 - (75/(-18) + v). Calculate the greatest common divisor of 55 and i.
5
Let n = -2425 + 2482. What is the greatest common divisor of n and 19?
19
Let d(p) = 4*p**2 + 4*p - 3. Let l be d(3). Let c be ((-247)/(-26) + -7)/((-1)/(-30)). Calculate the greatest common factor of c and l.
15
Suppose 0 = -303*j + 301*j + 492. Let a = 236 - 230. Calculate the highest common factor of a and j.
6
Let b(l) = 11*l**3 - l**2 + 3*l - 2. Let z be b(3). Let c(n) = n**2 + 56*n - 323. Let a be c(-63). Calculate the highest common factor of a and z.
59
Let k be (-31)/((-426)/2484 - 1/(-6)). Calculate the greatest common factor of k and 23.
23
Let c = 258 - 312. Let r be (c/(-135))/(2/1600). Calculate the highest common factor of r and 5.
5
Suppose -46*v + 43*v + 126 = l, -3*l + 3*v + 402 = 0. Suppose -3*z = -2*z - 33. Calculate the highest common factor of z and l.
33
Let x be (552/7*-1)/(232/(-2436)). What is the greatest common factor of x and 644?
92
Suppose 9*j = 69 - 24. Suppose 4*z + v = -4*v + 68, j*z - 102 = -2*v. Let t = -12 + z. What is the highest common factor of 30 and t?
10
Suppose -40*j + 23886 = 16001 - 27515. What is the highest common divisor of 45 and j?
15
Let h be -2*((-56)/64)/((-2)/8). Let u be (174*h/28)/((-12)/8). Let g(z) = 30*z**2 - 1. Let s be g(1). Calculate the greatest common divisor of s and u.
29
Suppose 16*s + 6*s - 92456 + 10528 = 0. Calculate the highest common divisor of 392 and s.
196
Suppose 15*w - 10*w = 3*g + 21135, 4*w + g = 16891. Calculate the greatest common divisor of 33 and w.
33
Suppose 101*t = 102*t + n - 129, 3*n - 637 = -5*t. Let r be ((-9)/12)/((-1)/200). Calculate the highest common divisor of r and t.
25
Let b(v) = 75*v**2 - 415*v - 831. Let n be b(-2). Suppose 23 = 3*z - 2*z. Calculate the highest common divisor of z and n.
23
Let l(z) = 508*z - 4544. Let s be l(9). Calculate the highest common factor of s and 9268.
28
Suppose 363 - 1245 = -21*o. Calculate the greatest common factor of 10752 and o.
42
Let q = -3774 + 3868. Calculate the greatest common factor of q and 4042.
94
Suppose 0 = -8*d + 12751 - 7111. Calculate the greatest common divisor of 39 and d.
3
Let a(t) = 5 + 8*t**2 - 18*t + 7 - 11 + 10 - 6*t**2. Let s be a(9). Suppose 3*v - 38 = -m, -3*v + 5*m - 47 = -5*v. What is the highest common factor of v and s?
11
Let l(p) = 19*p**2 + p. Let k be l(-1). What is the greatest common divisor of k and 294?
6
Suppose -4*h + 5*d = -178, 5*h - 407 + 193 = 2*d. Let l = 19 - -9. What is the greatest common factor of h and l?
14
Let s be ((-3)/(-2))/((-3)/220). Let i be 1 - 14/10 - (-66)/s. Let d be i/(-3 + (-600)/(-201)) - -3. Calculate the greatest common divisor of d and 10.
10
Suppose 3*o = 2*h - 90, -120 = -3*h + 26*o - 24*o. What is the greatest common factor of h and 6876?
36
Let i = 3492 + -3444. Let q(y) = y + 9. Let t be q(7). What is the highest common divisor of t and i?
16
Let m = -437 + 439. Suppose m*s = -14 + 66. What is the highest common divisor of s and 338?
26
Suppose 2*t - 9 = 4*d + 23, -t + 19 = -5*d. Let f = 78 - t. Suppose 3*m - f = 44. Calculate the highest common divisor of 12 and m.
12
Let l be (1 + 20/(-12) + 4)*(-5256)/(-60). Calculate the highest common divisor of l and 2482.
146
Let o be 19/342 + (-177110)/(-180). What is the greatest common divisor of 96 and o?
24
Suppose -5*d + 17 = 4*f - 19, 3*d = 3*f - 27. Let g be (168/f)/((-14)/(-21)). Calculate the greatest common factor of 24 and g.
4
Let x be -5 + -2 + (-85)/(-15)*3. Let w = 13 - 3. Suppose 0 = -9*t + w*t - 40. Calculate the highest common divisor of t and x.
10
Let h = -467 + 1000. What is the greatest common divisor of 26 and h?
13
Let k be (-4)/18 - (-4024)/(-36). Let v be (110 + k)/(0 + (-2)/94). What is the greatest common divisor of 2 and v?
2
Suppose 4 - 319 = -2*r + 3*a, 155 = r - a. Suppose -u + 3166 = 3046. Calculate the highest common factor of u and r.
30
Suppose 0 = -4*d - 8 + 176. Suppose -4*g + 1152 = 4*m, 149*m - 2*g - 306 = 148*m. What is the highest common factor of m and d?
42
Let y(p) = p**2 + p - 1. Let c(a) = 8*a**2 - 9*a - 5. Let r(m) = -c(m) + 6*y(m). Let x be r(4). What is the greatest common divisor of 9 and x?
9
Let z = 83 - 56. Suppose 25*w = -7 + 32, 4*d - 5*w - 325 = 2154. Calculate the greatest common factor of z and d.
27
Let p = 19358 + -16369. Calculate the highest common divisor of 245 and p.
49
Suppose -16608 + 12916 = -26*v. Let h = -18 - -89. Calculate the greatest common divisor of h and v.
71
Let q = -6 + 11. Let f(n) = -n**2 + 19*n - 49. Let x be f(25). Let w = x + 214. Calculate the highest common divisor of q and w.
5
Let t(b) = 4*b**2 - 1. Let h be t(-1). Suppose 0 = 3863*a - 3888*a + 1500. Calculate the greatest common divisor of a and h.
3
Suppose -3*j = -6*j + 4*u + 1193, 0 = -5*j + 2*u + 1965. Let q = 1400 + -1377. What is the highest common divisor of q and j?
23
Let o(y) = 51*y**2 + 9*y + 23. Let b be o(5). Calculate the highest common factor of b and 79.
79
Suppose 9*u = 8*u + 46. Suppose -u = -2*b - 4*g, -1 = 3*g - 4. Calculate the greatest common divisor of b and 294.
21
Let h = 42888 + -42777. Let w(z) = -111*z**3 - z**2 - 2*z - 1. Let x be w(-1). Calculate the greatest common factor of x and h.
111
Le